{"id":1680,"date":"2022-01-13T21:06:15","date_gmt":"2022-01-13T21:06:15","guid":{"rendered":"https:\/\/www.vivasnet.ch\/stebler\/?page_id=1680"},"modified":"2022-01-13T21:43:41","modified_gmt":"2022-01-13T21:43:41","slug":"prototypenbau","status":"publish","type":"page","link":"https:\/\/steblerag.ch\/index.php\/prototypenbau\/","title":{"rendered":"Prototypenbau: fit f\u00fcr den Wettbewerb"},"content":{"rendered":"<p>[vc_row content_width=&#8220;grid&#8220; css=&#8220;.vc_custom_1642107258814{margin-top: 50px !important;margin-bottom: 50px !important;}&#8220;][vc_column][vc_column_text]<\/p>\n<h2>Prototypenbau: professionelle Versuchsmodelle von der A. Stebler AG<\/h2>\n<p>Ihr Ansprechpartner f\u00fcr einen leistungsstarken Prototypenbau ist die A. Stebler AG. Mithilfe moderner Fertigungsanlagen und versiertem Fachwissen fertigt der Hersteller Versuchsmodelle an. Sie erm\u00f6glichen, die Tauglichkeit und Akzeptanz von k\u00fcnftigen Produkten zu \u00fcberpr\u00fcfen, wodurch sie f\u00fcr eine effiziente Produktentwicklung unerl\u00e4sslich sind.<\/p>\n<h3>Prototypenbau: den Wettbewerbern eine Nasenl\u00e4nge voraus<\/h3>\n<p>Damit Sie auf dem Markt Bestand halten, ist die Entwicklung neuer Produkte elementar. Die Schweizer A. Stebler AG unterst\u00fctzt Sie dabei, indem sie sich dem Prototypenbau widmet. Im vereinbarten Zeitrahmen und versiert fertigt sie vereinfachte aber auch komplett funktionsf\u00e4hige Versuchsmodelle nach Ihren Angaben an. Sie entsprechen aus technischer oder nur rein \u00e4usserlicher Hinsicht Ihrem Endprodukt. Dank des professionellen Prototypenbaus haben Sie die perfekte Vorbereitung f\u00fcr eine Serienproduktion oder f\u00fcr eine Illustrierung eines Konzeptes. Auf diesen Teil der Produktentwicklung sollten Sie nicht verzichten, um wichtige Check-ups bez\u00fcglich Tauglichkeit und Akzeptanz durchf\u00fchren zu k\u00f6nnen. Gern unterst\u00fctzt das Expertenteam der A. Stebler AG Sie ebenfalls beratend beim Prototypenbau.[\/vc_column_text][\/vc_column][\/vc_row][vc_row css=&#8220;.vc_custom_1642107275075{margin-bottom: 50px !important;background-image: url(https:\/\/steblerag.ch\/wp-content\/uploads\/2021\/06\/20190923_093458.jpg?id=999) !important;background-position: center !important;background-repeat: no-repeat !important;background-size: cover !important;}&#8220; el_class=&#8220;cta&#8220;][vc_column]\t<div class=\"qodef-call-to-action with-icon\" >\n\n\t\t\t\t<div class=\"qodef-container-inner\">\n\t\t\t\t\t<div class=\"qodef-call-to-action-row-75-25 clearfix\" style=\"padding: 40 0 40 0;\">\n\t\t\t\t\t\t<div class=\"qodef-text-wrapper qodef-call-to-action-column1 qodef-call-to-action-cell\">\n\t\t\t\t\t\t\t\t\t<div class=\"qodef-call-to-action-icon-holder\">\n\t\t\t\t\t\t<div class=\"qodef-call-to-action-icon\">\n\t\t\t\t\t\t\t<div class=\"qodef-call-to-action-icon-inner\"><\/div>\n\t\t\t\t\t\t<\/div>\n\t\t\t\t\t<\/div>\n\t\t\t\t\t\t\t\t\t<div class=\"qodef-call-to-action-text\" style=\"font-size: 40px\">Haben wir Ihr Interesse geweckt?<\/div>\n\t\t\t\t<\/div>\n\n\t\t\t\t\t\t\t\t\t<div class=\"qodef-button-wrapper qodef-call-to-action-column2 qodef-call-to-action-cell\" style =\"text-align: right ;\">\n\t\t\t\t\t\t<a href=\"index.php\/kontakt\/\" target=\"_self\"  class=\"qodef-btn qodef-btn-medium qodef-btn-solid\"  >    <span class=\"qodef-btn-text\">Jetzt kontaktieren<\/span>    <i class=\"qodef-icon-font-awesome fa  \" ><\/i><\/a>\t\t\t\t\t<\/div>\n\t\t\t\t\t\t\t<\/div>\n\t\t\t\t<\/div>\n\t\t\t<\/div>\n[\/vc_column][\/vc_row][vc_row content_width=&#8220;grid&#8220; css=&#8220;.vc_custom_1636665506516{margin-bottom: 100px !important;}&#8220;][vc_column][vc_column_text]<\/p>\n<div class=\"content-inner-text\">\n<h3>Prototypenbau: Ihre W\u00fcnsche sind massgebend<\/h3>\n<p>Beim Prototypenbau orientiert sich das Schweizer Traditionsunternehmen genau an Ihren Anspr\u00fcchen und Vorgaben. Um dies zu gew\u00e4hrleisten, ist eine intensive Kommunikation mit Ihnen ein wichtiger Bestandteil des Entwicklungsprozesses. Auch w\u00e4hrend des Prototypenbaus h\u00e4lt die A. Stebler AG mit Ihnen bei Bedarf R\u00fccksprache, um Ihre W\u00fcnsche zu erf\u00fcllen. Was f\u00fcr eine Art von Prototypenbau ben\u00f6tigen Sie? Wie hoch soll der Detaillierungsgrad sein? Gern erstellt der Betrieb f\u00fcr Sie ein massgenaues Modell f\u00fcr Montage- und Gebrauchsversuche am Anfang des Produktionsprozesses. Dadurch k\u00f6nnen Sie das Anforderungsprofil konkretisieren. Selbstverst\u00e4ndlich geht die Alu- und Metallgiesserei noch einen Schritt weiter, indem sie f\u00fcr Sie Funktionsprototypen produziert. Sie haben bereits alle bedeutenden funktionalen Eigenschaften des Endprodukts. Weitgehend identisch mit dem Endprodukt sind die Prototypen, die der Betrieb f\u00fcr Sie im Rahmen des technischen Prototypenbaus herstellt.<\/p>\n<h3>Prototypenbau: Gestaltung Ihrer Version<\/h3>\n<p>Sorgf\u00e4ltig, in kurzer Zeit und wirtschaftlich kreiert Ihnen die A. Stebler AG die Vision zu einem hilfreichen Prototypen. Sie macht die Produktionsentwicklung durch den Prototypenbau somit ein St\u00fcckchen greifbarer und sichtbarer. Neue Produktideen k\u00f6nnen Sie auf diese Weise schneller an den Markt bringen. Sie wissen selbst, wie bedeutsam der Vorsprung gegen\u00fcber den Mitbewerbern ist. Die Schweizer Giesserei ist sich dessen ebenso bewusst und investiert daher stetig in fortschrittliche Maschinen und Entwicklungen. Die Mitarbeiter unterst\u00fctzen Sie als Kunden laufend, um Ihnen einen Vorsprung auf dem Markt zu erm\u00f6glichen. Dank des Prototypenbaus erkennen Sie konstruktionsbedingte Schwachpunkte sofort und sparen an kostenintensiven \u00c4nderungen sowie Terminverschiebungen im Nachhinein. Dadurch reduzieren Sie nicht nur Ihre Produktionskosten, sondern erzielen auch wertvolle zeitliche Ersparnisse.<\/p>\n<\/div>\n<div class=\"left\">\n<div class=\"left-inner\">\n<h3>Prototypenbau: Planen Sie Ihren Vorsprung mit der A. Stebler AG<\/h3>\n<p>Optimieren Sie Ihren Profit und planen Sie Ihren Vorsprung, indem Sie beim Prototypenbau auf die Unterst\u00fctzung von der A. Stebler AG setzen. Versiert und zuverl\u00e4ssig fertigt der Betrieb nach Ihren W\u00fcnschen einen Prototyp an. Dabei kommen hochwertige Materialien und moderne Produktionsverfahren zum Einsatz. Das Expertenteam nimmt sich Zeit f\u00fcr Sie, um anhand von Skizzen, Papierzeichnungen, Musterbauteilen oder CAD-Daten einen erstklassigen Prototypenbau zu gew\u00e4hrleisten. Lernen Sie die M\u00f6glichkeiten kennen, die Ihnen das Schweizer Qualit\u00e4tsunternehmen bietet.<\/p>\n<\/div>\n<\/div>\n<p>[\/vc_column_text][\/vc_column][\/vc_row]<\/p>\n","protected":false},"excerpt":{"rendered":"<p>[vc_row content_width=&#8220;grid&#8220; css=&#8220;.vc_custom_1642107258814{margin-top: 50px !important;margin-bottom: 50px !important;}&#8220;][vc_column][vc_column_text] Prototypenbau: professionelle Versuchsmodelle von der A. Stebler AG Ihr Ansprechpartner f\u00fcr einen leistungsstarken Prototypenbau ist die A. Stebler AG. Mithilfe moderner Fertigungsanlagen und versiertem Fachwissen fertigt der Hersteller Versuchsmodelle an. Sie erm\u00f6glichen, die Tauglichkeit und Akzeptanz von k\u00fcnftigen&#8230;<\/p>\n","protected":false},"author":2,"featured_media":0,"parent":0,"menu_order":0,"comment_status":"closed","ping_status":"closed","template":"full-width.php","meta":[],"yoast_head":"<!-- This site is optimized with the Yoast SEO plugin v17.9 - https:\/\/yoast.com\/wordpress\/plugins\/seo\/ -->\n<title>Prototypenbau: fit f\u00fcr den Wettbewerb - Stebler AG<\/title>\n<meta name=\"description\" content=\"Ihr Ansprechpartner f\u00fcr einen leistungsstarken Prototypenbau ist die A. Stebler AG\" \/>\n<meta name=\"robots\" content=\"index, follow, max-snippet:-1, max-image-preview:large, max-video-preview:-1\" \/>\n<link rel=\"canonical\" href=\"https:\/\/steblerag.ch\/index.php\/prototypenbau\/\" \/>\n<meta property=\"og:locale\" content=\"de_DE\" \/>\n<meta property=\"og:type\" content=\"article\" \/>\n<meta property=\"og:title\" content=\"Prototypenbau: fit f\u00fcr den Wettbewerb - Stebler AG\" \/>\n<meta property=\"og:description\" content=\"Ihr Ansprechpartner f\u00fcr einen leistungsstarken Prototypenbau ist die A. Stebler AG\" \/>\n<meta property=\"og:url\" content=\"https:\/\/steblerag.ch\/index.php\/prototypenbau\/\" \/>\n<meta property=\"og:site_name\" content=\"Stebler AG\" \/>\n<meta property=\"article:modified_time\" content=\"2022-01-13T21:43:41+00:00\" \/>\n<meta name=\"twitter:card\" content=\"summary_large_image\" \/>\n<meta name=\"twitter:label1\" content=\"Est. reading time\" \/>\n\t<meta name=\"twitter:data1\" content=\"3 Minuten\" \/>\n<script type=\"application\/ld+json\" class=\"yoast-schema-graph\">{\"@context\":\"https:\/\/schema.org\",\"@graph\":[{\"@type\":\"WebSite\",\"@id\":\"https:\/\/steblerag.ch\/#website\",\"url\":\"https:\/\/steblerag.ch\/\",\"name\":\"Stebler AG\",\"description\":\"Ihre Idee, durch uns umgesetzt\",\"potentialAction\":[{\"@type\":\"SearchAction\",\"target\":{\"@type\":\"EntryPoint\",\"urlTemplate\":\"https:\/\/steblerag.ch\/?s={search_term_string}\"},\"query-input\":\"required name=search_term_string\"}],\"inLanguage\":\"de-CH\"},{\"@type\":\"WebPage\",\"@id\":\"https:\/\/steblerag.ch\/index.php\/prototypenbau\/#webpage\",\"url\":\"https:\/\/steblerag.ch\/index.php\/prototypenbau\/\",\"name\":\"Prototypenbau: fit f\\u00fcr den Wettbewerb - Stebler AG\",\"isPartOf\":{\"@id\":\"https:\/\/steblerag.ch\/#website\"},\"datePublished\":\"2022-01-13T21:06:15+00:00\",\"dateModified\":\"2022-01-13T21:43:41+00:00\",\"description\":\"Ihr Ansprechpartner f\\u00fcr einen leistungsstarken Prototypenbau ist die A. Stebler AG\",\"breadcrumb\":{\"@id\":\"https:\/\/steblerag.ch\/index.php\/prototypenbau\/#breadcrumb\"},\"inLanguage\":\"de-CH\",\"potentialAction\":[{\"@type\":\"ReadAction\",\"target\":[\"https:\/\/steblerag.ch\/index.php\/prototypenbau\/\"]}]},{\"@type\":\"BreadcrumbList\",\"@id\":\"https:\/\/steblerag.ch\/index.php\/prototypenbau\/#breadcrumb\",\"itemListElement\":[{\"@type\":\"ListItem\",\"position\":1,\"name\":\"Home\",\"item\":\"https:\/\/steblerag.ch\/\"},{\"@type\":\"ListItem\",\"position\":2,\"name\":\"Prototypenbau: fit f\\u00fcr den Wettbewerb\"}]}]}<\/script>\n<!-- \/ Yoast SEO plugin. -->","yoast_head_json":{"title":"Prototypenbau: fit f\u00fcr den Wettbewerb - Stebler AG","description":"Ihr Ansprechpartner f\u00fcr einen leistungsstarken Prototypenbau ist die A. Stebler AG","robots":{"index":"index","follow":"follow","max-snippet":"max-snippet:-1","max-image-preview":"max-image-preview:large","max-video-preview":"max-video-preview:-1"},"canonical":"https:\/\/steblerag.ch\/index.php\/prototypenbau\/","og_locale":"de_DE","og_type":"article","og_title":"Prototypenbau: fit f\u00fcr den Wettbewerb - Stebler AG","og_description":"Ihr Ansprechpartner f\u00fcr einen leistungsstarken Prototypenbau ist die A. Stebler AG","og_url":"https:\/\/steblerag.ch\/index.php\/prototypenbau\/","og_site_name":"Stebler AG","article_modified_time":"2022-01-13T21:43:41+00:00","twitter_card":"summary_large_image","twitter_misc":{"Est. reading time":"3 Minuten"},"schema":{"@context":"https:\/\/schema.org","@graph":[{"@type":"WebSite","@id":"https:\/\/steblerag.ch\/#website","url":"https:\/\/steblerag.ch\/","name":"Stebler AG","description":"Ihre Idee, durch uns umgesetzt","potentialAction":[{"@type":"SearchAction","target":{"@type":"EntryPoint","urlTemplate":"https:\/\/steblerag.ch\/?s={search_term_string}"},"query-input":"required name=search_term_string"}],"inLanguage":"de-CH"},{"@type":"WebPage","@id":"https:\/\/steblerag.ch\/index.php\/prototypenbau\/#webpage","url":"https:\/\/steblerag.ch\/index.php\/prototypenbau\/","name":"Prototypenbau: fit f\u00fcr den Wettbewerb - Stebler AG","isPartOf":{"@id":"https:\/\/steblerag.ch\/#website"},"datePublished":"2022-01-13T21:06:15+00:00","dateModified":"2022-01-13T21:43:41+00:00","description":"Ihr Ansprechpartner f\u00fcr einen leistungsstarken Prototypenbau ist die A. Stebler AG","breadcrumb":{"@id":"https:\/\/steblerag.ch\/index.php\/prototypenbau\/#breadcrumb"},"inLanguage":"de-CH","potentialAction":[{"@type":"ReadAction","target":["https:\/\/steblerag.ch\/index.php\/prototypenbau\/"]}]},{"@type":"BreadcrumbList","@id":"https:\/\/steblerag.ch\/index.php\/prototypenbau\/#breadcrumb","itemListElement":[{"@type":"ListItem","position":1,"name":"Home","item":"https:\/\/steblerag.ch\/"},{"@type":"ListItem","position":2,"name":"Prototypenbau: fit f\u00fcr den Wettbewerb"}]}]}},"_links":{"self":[{"href":"https:\/\/steblerag.ch\/index.php\/wp-json\/wp\/v2\/pages\/1680"}],"collection":[{"href":"https:\/\/steblerag.ch\/index.php\/wp-json\/wp\/v2\/pages"}],"about":[{"href":"https:\/\/steblerag.ch\/index.php\/wp-json\/wp\/v2\/types\/page"}],"author":[{"embeddable":true,"href":"https:\/\/steblerag.ch\/index.php\/wp-json\/wp\/v2\/users\/2"}],"replies":[{"embeddable":true,"href":"https:\/\/steblerag.ch\/index.php\/wp-json\/wp\/v2\/comments?post=1680"}],"version-history":[{"count":2,"href":"https:\/\/steblerag.ch\/index.php\/wp-json\/wp\/v2\/pages\/1680\/revisions"}],"predecessor-version":[{"id":1724,"href":"https:\/\/steblerag.ch\/index.php\/wp-json\/wp\/v2\/pages\/1680\/revisions\/1724"}],"wp:attachment":[{"href":"https:\/\/steblerag.ch\/index.php\/wp-json\/wp\/v2\/media?parent=1680"}],"curies":[{"name":"wp","href":"https:\/\/api.w.org\/{rel}","templated":true}]}}